- 39 = 2*r - 3*r, 4*r - 26 = -3*w. Let f = 327 + w. Is f a composite number?
False
Suppose 30*c + 41*c = 5*c + 43561122. Is c prime?
False
Suppose -19*h - 15*h + 544 = 0. Let a(x) = x**3 + 8*x**2 - 8*x + 10. Let i be a(-9). Is (4/h)/(i/652) a composite number?
False
Let w(l) = 83*l + 48. Let g(o) = -o**3 - 26*o**2 + 2*o + 57. Let t be -30 - (3/(-3) - 3). Let b be g(t). Is w(b) a composite number?
False
Suppose 0 = 4*u - 4*y + 960, u - 476 = 3*u - 4*y. Let j = 331 + u. Is j composite?
False
Let q(p) = -8*p - 165. Let u be q(-21). Suppose -2106 = -d - 4*v + 195, -u*v = -5*d + 11390. Is d a prime number?
True
Let b be (-23224)/12*-1 - (-34)/51. Suppose -7351 = -37*c + b. Is c a composite number?
False
Let r be ((-12)/(-5))/((-4 + 7)/15). Let d = r + -10. Suppose i + d*k - 845 = 0, 4861 = 4*i - 2*k + 1441. Is i a composite number?
False
Suppose l = -1, -4*l + 2949 = 3*g - l. Let s = -557 + g. Is s a composite number?
True
Let j(r) = r**2 - 4*r - 17. Suppose -2*o + 4*o = 5*i + 34, 41 = 3*o - 5*i. Let l be j(o). Suppose -131 = -2*d + 3*k + 239, -l*d + 744 = -5*k. Is d prime?
True
Suppose 7*d - 17636 - 15782 = 0. Suppose 2*b = h + 1603, -2*b = 3*h - b + d. Let n = h - -2744. Is n a composite number?
False
Let a be 12/(-21) + 146/(-14) + -1. Let c be (-51)/(-12) + (3/a - -1). Suppose -h + 0*h = c*d - 211, -3*d = 0. Is h prime?
True
Let q = 645 + -648. Is (10 - 11) + 3*(q - -3125) composite?
True
Suppose -244*z + 231*z = -5540093. Is z composite?
False
Suppose 9 = 3*v - 6. Suppose 0 = -3*u - 4*k + 2, -6*k - v = 5*u - k. Let a(y) = -2*y**3 + 7*y**2 - 3*y - 11. Is a(u) a composite number?
False
Let r = 157810 + 19839. Is r prime?
False
Let l(i) = -28*i**3 - 1118*i**2 + 3*i - 47. Is l(-42) prime?
True
Let j be ((-33352)/(-56) - -6)*7. Suppose -3*k + j = k + 3*g, -4*k + 4186 = -2*g. Is k a prime number?
True
Is (7648/28)/4*(-378)/(-108) a prime number?
True
Let w = 59 - -2. Let s = 52 - w. Is -3*(-2)/s - 1493/(-3) a prime number?
False
Let a(b) = 6*b**2 + 3*b + 2. Let u be a(-1). Suppose s = 732 + 1166. Suppose -7963 + s = -u*g. Is g a prime number?
True
Let r(k) be the first derivative of 2*k**4 + 2*k**3/3 - 7*k**2/2 + 20*k + 156. Is r(7) a composite number?
True
Let z be (13/2)/(-13)*(-3 - -3). Suppose z = -2*o - 1021 + 4335. Is o a composite number?
False
Is 6/5 + (-28199056)/(-170) prime?
False
Let j = -91 - -95. Suppose 0 = -l + j*x + 9049, -2*l + 27108 = l + x. Is l composite?
True
Suppose -c - 6 = -2*u, -c - 13 + 2 = -3*u. Suppose -c*f + 7972 + 24016 = -5*y, 2*y - 23991 = -3*f. Is f a composite number?
True
Let v = 23147 - 12662. Suppose -v = -4*l + 5*p + 3337, p + 13814 = 4*l. Is l composite?
True
Let b(z) = -z - 12. Let d be b(-17). Suppose v = -d*h - v + 4, 0 = h - 4*v + 8. Suppose a + 55 - 492 = h. Is a prime?
False
Suppose -13357244 = -417*v + 12209788 + 15949071. Is v composite?
False
Let v = 70 + -63. Suppose 3*k + 19 - v = 0. Is -3 - 10/(-4) - 1546/k prime?
False
Is (7 + (-9 - -541928) - 6) + 7 prime?
True
Suppose -2*j = 2*j - 9524. Suppose -3*n + j = 650. Suppose -n = -3*s + 464. Is s composite?
False
Is 1/((-10)/(-663370)*1) composite?
False
Suppose 3*u = -q + 16120, -15*u - 64501 = -4*q - 20*u. Is q composite?
True
Let z(u) = -4*u**3 - 2*u**2 + 18*u + 15. Suppose -6*y + 31 + 41 = 0. Let q = 5 - y. Is z(q) composite?
False
Let v(f) be the third derivative of -85*f**4/8 - 151*f**3/6 - 88*f**2. Is v(-11) prime?
False
Suppose -2*o + 39 = -o - k, k = -1. Let l = o - -59. Is l a prime number?
True
Let v = 8654 - 557. Is v composite?
True
Suppose -l = -4*g + 24, -5*l + 2*g - 30 = -0*l. Let a(q) = -16*q**3 - 3*q**2 - 4*q - 1. Is a(l) a prime number?
True
Suppose -2*y = 6*r - 10*r + 18510, 0 = -2*r + 4*y + 9270. Is 12*((-3)/(-2) + -1) + r a prime number?
False
Suppose 4*f = 5*o + 32409, -5*o + 24298 = -11*f + 14*f. Is f prime?
True
Suppose 5*y = 3*q - 4*q + 156, 0 = 4*q - 4*y - 624. Suppose -2*a - 5*s = -s - 154, -2*s = 2*a - q. Let n = a - 68. Is n composite?
False
Let i(s) = s**3 + 18*s**2 - 11*s + 11. Let t(l) = -l**2 - 3*l + 10. Suppose 3*w - 5 = -3*u + 1, -4 = 2*u. Let k be t(w). Is i(k) composite?
True
Suppose 58*y - 12989857 = -331*y + 15795754. Is y prime?
True
Suppose -7571 = -5*n - 5*n + 695399. Is n a composite number?
False
Suppose 1892249 = 71*s - 3229620. Is s composite?
False
Let i(w) = -2*w**2 + 49 + 8*w + 0*w**2 + 4*w**2 + 0*w. Is i(18) a prime number?
False
Let h(u) = 14390*u**2 - 9*u - 9. Is h(-2) prime?
False
Suppose 31*u = 20*u + 66. Suppose -9245 + 1667 = -u*n. Is n composite?
True
Suppose -5*r + 4*l = -5087, -33*l = -28*l + 15. Is (r - 30)*(-2)/(1 - 3) a composite number?
True
Suppose 0 = -130*n - 1342200 + 10663330. Is n a composite number?
True
Suppose -234*p - 82922 = -121*p - 127*p. Is p a prime number?
True
Let y(m) = m + 17. Let u be y(-20). Is (-16)/48 - 7618/u a composite number?
False
Suppose 0 = -3*d + 9*d - 846. Suppose 8*f + 3*z = 3*f + d, -2*f + 5*z = -75. Let w = f - -367. Is w prime?
True
Let a = -1190 - -3427. Let m be (6193 - 3) + 24/(-6). Let s = m - a. Is s prime?
False
Suppose -561838 = 139*f - 6868407. Is f prime?
False
Let i(x) = -37475*x - 1232. Is i(-11) a prime number?
False
Let q be (-13130)/(-25) + (-1)/5. Let m = -130 + q. Let x = m - 24. Is x composite?
True
Let k(b) be the first derivative of -20 - 47/2*b**2 + 5/3*b**3 - b. Is k(23) a prime number?
False
Suppose -4*i + 3*l = -233867, 6 = -0*l + 2*l. Is i prime?
False
Let m = 23 - -475. Suppose 3*a - l = 8788, 4*a + 4*l + m = 12226. Suppose -g = -6*g + a. Is g prime?
False
Suppose -3*o - o = 3*n - 16, -5*o + 23 = 3*n. Suppose -9*b = -o*b - 16018. Is b a composite number?
False
Let z = -5 + 8. Let b(w) = z*w**2 - 2*w**2 + 31*w**3 - 6*w**2 - 32*w**3 - 7*w - 11. Is b(-6) a prime number?
True
Is ((-233756)/8)/(1/3)*58/(-87) a composite number?
False
Let u(r) = 1515*r**2 - 54*r - 326. Is u(-7) composite?
False
Suppose 8*c - 999 = -c. Let z = c + -273. Let y = 1637 - z. Is y prime?
False
Let h(x) = -7513*x - 3243. Is h(-52) composite?
False
Let d(u) = 40 + u - 12 - 15. Let c be d(-6). Suppose 6*s - c*s = -877. Is s a prime number?
True
Suppose -4*v - 40 = -4*f, f - 2*v + 3 = 13. Is -13645*(7 - 72/f) a composite number?
False
Suppose -69754 = -3*i - 5*w + 31419, 0 = 3*i - 4*w - 101128. Suppose 5*q + k - i = 0, 4*k = 4*q - 17890 - 9078. Is q a prime number?
False
Let j(c) = -2341*c - 5548. Is j(-131) a prime number?
True
Let u = -33 + 14. Let d(y) = 11*y**2 + 2*y + 17. Let v be d(u). Suppose 2*x - z = 1569, -x + 3*z = -6*x + v. Is x prime?
True
Let y(o) = 99*o + 1811. Is y(98) a composite number?
True
Is -4 - 33/1*(-35465)/123 a prime number?
True
Let l(p) = 569*p + 50. Let u be (-5)/60*-4 - 40/(-6). Is l(u) a prime number?
False
Let r be (-13716)/14 - (-40)/(-140). Let q = r - -1429. Is q a prime number?
True
Let c = -6329 - -2308. Let n = c + 5879. Is n a prime number?
False
Suppose c - 5 + 6 = 0. Let u be 6/(-12)*6*(-2 - c). Is (-5614)/(-12) + u + 1/6 a prime number?
False
Suppose 4*v - 32 = -4*z, 4*z - 4*v + 4 = z. Suppose 2232 = z*a + 636. Suppose -3*w - a = -5*w + y, -y = w - 204. Is w a prime number?
False
Suppose 0 = 4*g - 2*t - 6, 0 = -g + 4*t - t - 6. Is ((61278/(-12))/(-7))/(g/6) a prime number?
True
Suppose -4*j + 597035 = s, 5*j = 5*s + 766707 - 20457. Is j a prime number?
True
Let w be (-70)/4*36/(-3). Let x be -3*((-28)/(-21) + -3). Suppose -2*r + 1737 = x*y, 1954 = 2*r - 2*y + w. Is r a composite number?
True
Let y(t) = -t**3 - 4*t - 1. Let o be y(0). Let m(j) = -1073*j**3 + 2*j**2 + 2*j. Is m(o) a composite number?
True
Let o = 321 - 312. Suppose -o*v + 14414 - 2201 = 0. Is v prime?
False
Let a be (1 - 10811/(-3))*6. Let u = 1215 - 1212. Is u/(-5) + 2 + a/5 prime?
True
Let c(t) = -78*t - 39. Let l be c(17). Let n = l - -2492. Let x = -646 + n. Is x a composite number?
True
Suppose 0*m + 3*m = -3, -2*k - 2*m = 4872. Let c = -1518 - k. Is c a composite number?
True
Suppose 45 = 13*v - 8*v. Suppose 0*a = -5*a + 2*r, v = -3*a + 3*r. Suppose 2*u - 628 = -a*u. Is u prime?
True
Let r(m) = 7*m**2 + 8*m + 59. Let n be 79/(-4) + (-3)/24*2. Is r(n) composite?
False
Let g(r) = 374*r**3 + 4*r**2 + 8*r + 8. Let k(z) = 187*z**3 + 2*z**2 + 4*z + 4. Let j(q) = -3*g(q) + 5*k(q). Is j(-3) a prime number?
True
Suppose 0 = -3*f - 11490 + 38700. Suppose 